-- http://www.ulf-neundorfer.de/v-bez.html
-- http://de.wikipedia.org/wiki/Generationsbezeichnungen
INSERT INTO 
generation(g_nr, g_bezeichnung, g_bezeichnung_frau, g_bezeichnung_mann)
VALUES
(00, 'Selbst',               'Selbst',               'Selbst'             ),
(01, 'Eltern',               'Mutter',               'Vater'              ),
(02, 'Großeltern',           'Großmutter',           'Großvater'          ),
(03, 'Urgroßeltern',         'Urgroßmutter',         'Urgroßvater'        ),
(04, 'Alteltern',            'Altmutter',            'Altvater'           ),
(05, 'Altgroßeltern',        'Altgroßmutter',        'Altgroßvater'       ),
(06, 'Alturgroßeltern',      'Alturgroßmutter',      'Alturgroßvater'     ),
(07, 'Obereltern',           'Obermutter',           'Obervater'          ),
(08, 'Obergroßeltern',       'Obergroßmutter',       'Obergroßvater'      ),
(09, 'Oberurgroßeltern',     'Oberurgroßmutter',     'Oberurgroßvater'    ),
(10, 'Stammeltern',          'Stammmutter',          'Stammvater'         ),
(11, 'Stammgroßeltern',      'Stammgroßmutter',      'Stammgroßvater'     ),
(12, 'Stammurgroßeltern',    'Stammurgroßmutter',    'Stammurgroßvater'   ),
(13, 'Ahneneltern',          'Ahnenmutter',          'Ahnenvater'         ),
(14, 'Ahnengroßeltern',      'Ahnengroßmutter',      'Ahnengroßvater'     ),
(15, 'Ahnenurgroßeltern',    'Ahnenurgroßmutter',    'Ahnenurgroßvater'   ),
(16, 'Urahneneltern',        'Urahnenmutter',        'Urahnenvater'       ),
(17, 'Urahnengroßeltern',    'Urahnengroßmutter',    'Urahnengroßvater'   ),
(18, 'Urahnenurgroßeltern',  'Urahnenurgroßmutter',  'Urahnenurgroßvater' ),
(19, 'Erzeltern',            'Erzmutter',            'Erzvater'           ),
(20, 'Erzgroßeltern',        'Erzgroßmutter',        'Erzgroßvater'       ),
(21, 'Erzurgroßeltern',      'Erzurgroßmutter',      'Erzurgroßvater'     ),
(22, 'Erzahneneltern',       'Erzahnenmutter',       'Erzahnenvater'      ),
(23, 'Erzahnengroßeltern',   'Erzahnengroßmutter',   'Erzahnengroßvater'  ),
(24, 'Erzahnenurgroßeltern', 'Erzahnenurgroßmutter', 'Erzahnenurgroßvater')
;

INSERT INTO personen(p_nr, p_name, p_geschlecht)
VALUES
( 1, 'Sibylle', 'Frau'),
( 2, 'Sonja', 'Frau'),
( 3, 'Verena', 'Frau'),
( 4, 'Wolfgang', 'Mann'),
( 5, 'Marianne', 'Frau'),
( 6, 'Karl', 'Mann'),
( 7, 'Ilse', 'Frau'),
( 8, 'Jakob', 'Mann'),
( 9, 'Franziska', 'Frau'),
(10, 'Karl sen.', 'Mann'),
(11, 'Cäcilia', 'Frau'),
(13, 'Robert', 'Mann'),
(14, 'Erna', 'Frau'),
(15, 'Johann', 'Mann'),
(16, 'Maria', 'Frau'),
(17, 'Nikolaus', 'Mann'),
(18, 'Theresia', 'Frau'),
(19, 'Franz', 'Mann'),
(20, 'Franz sen.', 'Mann'),
(21, 'Matthias', 'Mann'),
(22, 'Barbara', 'Frau'),
(23, 'Ludwig', 'Mann'),
(24, 'Engel', 'Frau')
;


INSERT INTO eltern(p_nr, e_nr)
VALUES 
( 1,  4), ( 1,  5),
( 2,  4), ( 2,  5),
( 3,  4), ( 3,  5),
( 4,  6), ( 4,  7),
( 5,  8), ( 5,  9),
( 6, 10), ( 6, 11),
( 7, 13), ( 7, 14),
( 8, 15), ( 8, 16),
( 9, 17), ( 9, 18),
(10, 19),
(19, 20),
(20, 21), (20, 22),
(13, 23), (13, 24)
;

