/*
DELETE FROM stg_zugeordnet_lv;
DELETE FROM lehr_haelt_lv;
DELETE FROM lehr_zugeordnet_stg;
DELETE FROM fk_beteiligt_stg;
DELETE FROM amt_stg;
DELETE FROM amt_fk;

DELETE FROM amtbeschreibung;
DELETE FROM lehrveranstaltung;
DELETE FROM professor;
DELETE FROM lehrender;
DELETE FROM studiengang;
DELETE FROM fakultaet;
*/

INSERT INTO fakultaet(f_id, f_kuerzel, f_name, f_email, f_tel) 
VALUES 
  (1, 'AW', 'Allgemeinwissenschaften',           NULL,                                    '0821 5586-3301'),
  (2, 'AB', 'Architektur und Bauingenieurwesen', 'architektur@hs-augsburg.de',            '0821 5586-3102'),
  (3, 'E',  'Elektrotechnik',                    'fb-e@rz.fh-augsburg.de',                '0821 5586-3360'),
  (4, 'G',  'Gestaltung',                        'gestaltung@hs-augsburg.de',             '0821 5586-3401'),
  (5, 'I',  'Informatik',                        'inf@informatik.fh-augsburg.de',         '0821 5586-3450'),
  (6, 'M',  'Maschinenbau',                      'fm@hs-augsburg.de',                     '0821 5586-3150'),
  (7, 'W',  'Wirtschaft',                        'sekretariat@wirtschaft.hs-augsburg.de', '0821 598-2902')
;


INSERT INTO studiengang(s_id, s_kuerzel, s_name, s_abschluss, s_titel, s_zugeordnet_zu)
VALUES 
  (1, 'IB',  'Informatik',                 'Bachelor', 'BSc',  5),
  (2, 'IM',  'Informatik',                 'Master',   'MSc',  5),
  (3, 'IAM', 'Interaktive Medien',         'Bachelor', 'BSc',  4),
  (4, 'IMS', 'Interaktive Mediensysteme',  'Master',   'MSc',  4),
  (5, 'ME',  'Mechatronik',                'Bachelor', 'BEng', 3),
  (6, 'MEV', 'Mechatronik Verbundstudium', 'Bachelor', 'BEng', 3)
;


INSERT INTO lehrender(l_id, l_kuerzel, l_anrede, l_titel, l_name, l_email, l_zugeordnet_zu, l_status)
  VALUES (1, 'kowarschick_wolfgang', 'Herr', 'Prof. Dr.', 'Wolfgang Kowarschick', 'kowa@hs-augsburg.de', 5, 'Professor');
INSERT INTO professor(l_id, p_dienstzimmer, p_sprechstunde) 
  VALUES (1, 'J4.10', 'Dienstag, 14.00-15.00 Uhr');

INSERT INTO lehrender(l_id, l_kuerzel, l_anrede, l_titel, l_name, l_email, l_zugeordnet_zu, l_status)
  VALUES (2, 'klever_nik', 'Herr', 'Prof. Dr.', 'Nik Klever', 'klever@hs-augsburg.de', 5, 'Professor');
INSERT INTO professor(l_id, p_dienstzimmer, p_sprechstunde) 
  VALUES (2, 'J1.16', 'Dienstag, 10.00-11.00 Uhr');

INSERT INTO lehrender(l_id, l_kuerzel, l_anrede, l_titel, l_name, l_email, l_zugeordnet_zu, l_status)
  VALUES (3, 'rist_thomas','Herr',  'Prof. Dr.', 'Thomas Rist', 'Thomas.Rist@hs-augsburg.de', 5,'Professor' );
INSERT INTO professor(l_id, p_dienstzimmer, p_sprechstunde) 
  VALUES (3, 'J3.16b', 'Mittwoch, 11.30-14.30 Uhr');

INSERT INTO lehrender(l_id, l_kuerzel, l_anrede, l_titel, l_name, l_email, l_zugeordnet_zu, l_status)
  VALUES (4, 'john_ludwig','Herr',  'Prof.', 'Ludwig John', 'john@hs-augsburg.de', 4,'Professor' );
INSERT INTO professor(l_id, p_dienstzimmer, p_sprechstunde) 
  VALUES (4, NULL, 'Dienstag, 13.00-15.00 Uhr');

INSERT INTO lehrender(l_id, l_kuerzel, l_anrede, l_titel, l_name, l_email, l_zugeordnet_zu, l_status)
  VALUES (5, 'rose_robert', 'Herr', 'Prof.', 'Robert Rose', 'rose@hs-augsburg.de', 4, 'Professor');
INSERT INTO professor(l_id, p_dienstzimmer, p_sprechstunde) 
  VALUES (5, 'K3.08', 'Donnerstag, 15.00-16.00 Uhr');

INSERT INTO lehrender(l_id, l_kuerzel, l_anrede, l_titel, l_name, l_email, l_zugeordnet_zu, l_status)
  VALUES (6, 'mueller_jens', 'Herr', 'Prof.', 'Jens Müller', 'jmueller@hs-augsburg.de', 4, 'Professor');
INSERT INTO professor(l_id, p_dienstzimmer, p_sprechstunde) 
  VALUES (6, 'L2.02', 'Dienstag, 12.00-13.00 Uhr');

INSERT INTO lehrender(l_id, l_kuerzel, l_anrede, l_titel, l_name, l_email, l_zugeordnet_zu, l_status)
  VALUES (7, 'muellenbach_sabine', 'Frau', 'Prof. Dr.', 'Sabine Müllenbach', NULL, 5,'Professor' );
INSERT INTO professor(l_id, p_dienstzimmer, p_sprechstunde) 
  VALUES (7, 'J3.06', 'Mitwoch, 14.00-15.00 Uhr');

INSERT INTO lehrender(l_id, l_kuerzel, l_anrede, l_titel, l_name, l_email, l_zugeordnet_zu) 
  VALUES (1000, 'werner_andreas', 'Herr', NULL, 'Andreas Werner', 'Andreas.Werner@hs-augsburg.de', 5);


INSERT INTO lehrveranstaltung(lv_id, lv_kuerzel, lv_titel, lv_zugeordnet_zu)
VALUES
  (1, 'i4.DATA', 'Multimedia-Datenbanken (Datenmanagement II)', 5),
  (2, 'g4.MM',   'Multimedia-Anwendungen/Programmierung', 5),
  (3, 'PROJEKT', 'Medienprojekt', 4)
;


INSERT INTO amtbeschreibung(ab_id, ab_bez_weiblich, ab_bez_maennlich, ab_bez_plural)
VALUES 
  (1, 'Dekanin', 'Dekan', 'Dekane'),
  (2, 'Prodekanin', 'Prodekan', 'Prodekane'),
  (3, 'Studiengangsleiterin', 'Studiengangsleiter', 'Studiengangsleiter'),
  (4, 'Frauenbeauftragte', 'Frauenbeauftragter', 'Frauenbeauftragte'),
  (5, 'Web-Beauftragte', 'Web-Beauftragter', 'Web-Beauftragte'),
  (6, 'PK-Vorsitzende', 'PK-Vorsitzender', 'PK-Vorsitzende'),
  (7, 'Praktikantenbeauftragte', 'Praktikantenbeauftragter', 'Praktikantenbeauftragte')
;

INSERT INTO amt_fk(f_id, l_id, ab_id)
VALUES 
  (4, 6, 1),
  (5, 2, 1),
  (5, 7, 4),
  (5, 1, 5)
;

INSERT INTO amt_stg(s_id, l_id, ab_id)
VALUES
  (3, 3, 3),
  (4, 3, 3),
  (2, 1, 6),
  (3, 1, 6),
  (4, 1, 6),
  (2, 1, 7),
  (3, 1, 7)
;

INSERT INTO fk_beteiligt_stg(f_id, s_id)
VALUES
  (5, 3),
  (5, 4),
  (5, 5),
  (5, 6),
  (6, 5),
  (6, 6)
;

INSERT INTO lehr_zugeordnet_stg(l_id, s_id)
VALUES
  (1, 3),
  (1, 4),
  (1, 5),
  (1, 6),

  (2, 3),
  (2, 4),

  (3, 1),
  (3, 2),
  (3, 3),
  (3, 4),

  (4, 3),
  (4, 4),

  (5, 3),
  (5, 4),

  (6, 3),
  (6, 4),

  (7, 1),
  (7, 2),

  (1000, 4),
  (1000, 5),
  (1000, 6)
;


INSERT INTO lehr_haelt_lv(l_id, lv_id)
VALUES
  (1, 1),
  (1, 2),
  (1, 3),

  (2, 3),
  (3, 3),
  (4, 3),
  (5, 3),
  (6, 3)
;


INSERT INTO stg_zugeordnet_lv(s_id, lv_id) 
VALUES
  (3, 1),
  (3, 2),
  (3, 3)
;

